u + 1. Let w = 120 + -117. Suppose -4*v = -g + w, 6*v + 18 = 2*v - 2*g. Determine y(v).
1
Let n(f) be the third derivative of -f**5/60 - f**4/4 - f**3/6 + 1175*f**2. Calculate n(-5).
4
Suppose -2*d + 3*k = -2, -d - 3*k + 0 = -1. Let l(q) be the first derivative of -9*q**2/2 + 2*q + 114. Calculate l(d).
-7
Let n(z) = -950 + 935 + 11*z + 15*z**2 + 3593*z**3 - 3595*z**3. Give n(8).
9
Suppose -2*b - 12 = 4*b. Let h(y) = 2*y**2 + 2*y - 2. Let d be h(b). Let q(c) = -2 - 6*c**3 + 2*c**3 + 5*c**3 - c + 3*c**d + 0*c. What is q(-3)?
1
Let x(b) be the first derivative of 41 + 1/2*b**2 - b**3 - 1/4*b**4 + 0*b. Suppose -w + 9 = 3*i, 7*w + 26 = 5*w + 5*i. Give x(w).
-3
Let z be 6/36 - 150/36. Let q(t) = -12*t**2 - 10*t - 6. Let o(m) = 10*m**2 + 9*m + 5. Let d(p) = 5*o(p) + 4*q(p). Calculate d(z).
13
Suppose 0 = -2*d + 19 - 7. Let w(h) be the third derivative of -h**5/60 + 5*h**4/24 - 2*h**3/3 - 6*h**2 - 169. Determine w(d).
-10
Let z(s) = 3*s - 7. Let v be z(3). Let l(p) = -208*p**v + 413*p**2 + p - 207*p**2 + p**3 + 2. Calculate l(-2).
-16
Suppose 55*g - 61 = 49. Let m(j) = -4*j**3 + 5*j**2 - 4. Give m(g).
-16
Let z(m) = 9 - 9*m + 1 - m**3 - 6 + 10*m**2. Suppose 24*s - 22*s = 184. Let y = s - 83. Give z(y).
4
Let m(s) be the third derivative of 7*s**4/24 + 35*s**3/3 + 187*s**2. Calculate m(-8).
14
Let a(i) = -35*i**3 - 5*i + 6. Let z be -4*3/(-18) - ((-268)/12 - -22). Determine a(z).
-34
Let v(g) = -g**2 + 4*g + 8. Let i be (-8)/(-10)*(-12 + 7). Let z be -8 + 4 + (3 + -1 - i). Suppose 0*y - 20 = -4*c + z*y, 0 = -c + y + 3. What is v(c)?
-13
Let m(z) be the second derivative of 1/2*z**2 - 9*z - 1/6*z**3 + 1. Determine m(-1).
2
Let c(j) = 9266*j**3 + 9256*j**3 + 2 + 21 + j + 8*j**2 - 18524*j**3. Determine c(6).
-115
Let k(o) = -4*o**2 + 5*o. Suppose -4*d - 22 - 1 = -43. Give k(d).
-75
Let t be -1*3/(3/(-22)). Let x(n) = -4*n + 40 - t - 20. Let r be (-360)/170 - 2/(-17). Calculate x(r).
6
Let z(l) = -7*l**2 - 40*l - 6. Let h(o) = 20*o**2 + 115*o + 19. Let y(c) = -6*h(c) - 17*z(c). Suppose g - 50 = 6*g. Determine y(g).
-12
Let b be 11/2 - (-7 + 51/6). Let a(d) = 4*d + 4 + 3*d + d - 9*d + b*d. Suppose 1 = 5*t + 4*q, -7*q + 29 = -3*t - 2*q. Give a(t).
-5
Let y = 5177 + -5182. Let x(o) = 8*o + 10. Calculate x(y).
-30
Let y be 10/3 + (-6)/(-9). Let s(w) = w. Let z be s(y). Let q(x) = 2*x**2 - 3*x**3 - 7*x**2 + 4*x**3 - 2 - z*x**2. What is q(9)?
-2
Let u(t) = -2*t**3 + 16*t**2 - 23*t + 6. Let d be (63/28)/(15/40). What is u(d)?
12
Let y(v) = -11*v**2 + 78*v + 730. Let u(z) = 13*z**2 - 76*z - 731. Let t(x) = 6*u(x) + 7*y(x). Determine t(-9).
-5
Let n be 515/15 - (-4)/18*3. Suppose 97 = -22*w - n. Let g(a) be the third derivative of a**4/24 + a**3/6 - 3*a**2. What is g(w)?
-5
Suppose 4*c - 5*g = 535 - 59, -c + 110 = g. Suppose 3*y - c = 78. Let d = y - 68. Let x(a) = a**2 + 6*a + 1. Give x(d).
-7
Let l(p) = 2*p + 28. Let c be l(13). Suppose 3*n - c - 12 = 0. Let j = -18 + n. Let b(v) = 2*v. Calculate b(j).
8
Let s(v) = 25*v - 21. Let z be s(3). Suppose -26*t + z = -35*t. Let n(u) = -u**2 - u + 1. Determine n(t).
-29
Suppose 87*d + 25 = 92*d. Let n(k) = k**2 - 8*k + 11. Give n(d).
-4
Let t(g) = g**3 + 99*g**2 + 64*g + 8. Let a(f) = 23*f**2 + 16*f + 3. Let s(u) = -9*a(u) + 2*t(u). Calculate s(6).
1
Let m(i) = 679 - 1376 + 709 - 11*i + i**2. Determine m(3).
-12
Let h = -3742 - -3746. Let w(k) = k**3 - 4*k**2 + 4*k + 3. What is w(h)?
19
Let t(b) = -b**3 - 16*b**2 - 14*b + 22. Let r = -2854 + 2839. Determine t(r).
7
Let l(d) = -2*d + 220 + 216 + 226 + 216 - 883. Let n be ((-2)/6)/(5/(-30)). Let q = -3 - n. Determine l(q).
5
Let x(j) = -4*j**2 - 943638 - j**2 + 943637 - j. Determine x(-4).
-77
Let h(n) = 7*n - 34. Suppose 15 = f + 37*r - 40*r, -f + 7 = -r. Calculate h(f).
-13
Let j(m) = m**3 - 4*m**2 - 2*m - 2. Suppose 5*c - 323 + 73 = 0. Suppose 5 = 11*t - c. Determine j(t).
13
Let h(p) = -5*p - 2*p + 4*p + 21*p - 2. Give h(-1).
-20
Suppose -t - 1 = -4. Let i(a) = -3*a + 12. Let u(c) = -190. Let l(k) = 7. Let h(j) = -55*l(j) - 2*u(j). Let p(x) = -3*h(x) - i(x). Calculate p(t).
12
Let q = 18 + -27. Let n(u) = -3 + 0 + 3822*u + u**2 - 1900*u - 1914*u. Give n(q).
6
Let q(a) = -5552 + 2773 + 3*a + 2770 + 37*a. Determine q(2).
71
Suppose 4*z = -m - 17 + 48, 0 = 2*z - 4*m - 20. Let b(f) = z*f**3 + 26 - f - 6*f**3 - 3*f**3. Give b(0).
26
Let z = 1 + 3. Let n(f) = -43915*f + 21969*f + 21945*f. Calculate n(z).
-4
Let w(f) be the second derivative of f**4/12 - 4*f**3/3 + 13*f**2 - 2096*f + 2. Give w(11).
59
Let c(s) = s**2 - 9*s + 9. Let b(d) be the second derivative of d**4/12 - 13*d**3/6 - 41*d**2 + 5*d. Let g be b(-5). Give c(g).
1
Let f(d) = -65*d + 25. Let l(j) = -8*j + 3. Let s = 35 - 4. Suppose s*k + 125 = 36*k. Let a(y) = k*l(y) - 3*f(y). Determine a(-3).
15
Let k(n) be the third derivative of -n**4/12 - n**3 + 3*n**2 + 2*n + 30. Let u(w) = 2*w - 1. Let c be u(-4). Calculate k(c).
12
Let g(i) = -i - 2. Suppose -55*r + 21*r = -476. Suppose n = 23*w - 26*w - 10, -3*w + n - r = 0. What is g(w)?
2
Let p(l) be the third derivative of l**5/30 - l**4/4 + l**3/6 + 236*l**2 - 2. What is p(5)?
21
Let c(r) = 65*r + 5. Let h(l) = 114*l + 9. Let w(s) = 5*c(s) - 3*h(s). Suppose 3*t = 7*t - 4. Give w(t).
-19
Let j be 2 + (-9)/(18/(-8)). Let x be -25 - (4 - j - -2). Let u = x - -29. Let l(z) = 4*z + 2. Determine l(u).
18
Let s(b) = -b**2 + 2*b - 5. Let d(o) = -o**2 + o - 4. Let c(k) = 3*d(k) - 4*s(k). Suppose -y - 3*q - 10 = 1, -5*y - 3*q + 5 = 0. Calculate c(y).
4
Let p(q) = 2*q + 1. Let i(g) = 6*g**2 - 19*g + 39. Let z(t) = 5*t**2 - 18*t + 39. Let w(f) = 6*i(f) - 7*z(f). Let n be w(-15). What is p(n)?
13
Let v be 7/(-1)*(-90)/(-105). Let d(z) = -22*z. Let q(f) = -4*f - 1. Let k(x) = v*q(x) + d(x). Give k(-5).
-4
Suppose -5*p - 73 = -68. Let k(h) = h**2 - 12*h - 5. Let b(d) = -7*d - 3. Let r(c) = -7*b(c) + 4*k(c). Determine r(p).
4
Let d(t) = -t - 31. Let p(i) = -3*i**3 - 60*i**2 - 62*i - 72. Let j be p(-19). Determine d(j).
-54
Let w = 12607 - 12607. Let g(l) = -3*l**2 + l - 8. What is g(w)?
-8
Let y = 64 - 68. Let u(r) = -r**3 - 3*r**2 + 5*r + 5. Let s be u(y). Let z(n) = 5*n**2 + n - 1. Determine z(s).
5
Let o(z) = -8*z - 57. Let m(l) = 7*l + 43. Let w(s) = 4*m(s) + 3*o(s). Calculate w(12).
49
Let y(c) be the first derivative of c**2 - c + 202. Suppose -3*n + 5 + 1 = 0. What is y(n)?
3
Let o(m) = 7*m**2 + 174*m - 6. Suppose 5*z + 150 = 5*k, k + 13 = 4*z + 118. Give o(z).
19
Let x(r) be the third derivative of 3*r**4/8 - 13*r**3/6 - 988*r**2. Determine x(4).
23
Suppose 0 = 5*r - 5*g + 175, -2*r = -0*r - 4*g + 60. Let u = -281 - -248. Let c = r - u. Let b(f) = -f**3 - 7*f**2 + 2*f + 8. Determine b(c).
-6
Let y(w) = -17*w**2 + 10*w + 6. Let d(a) = 15*a**2 - 12*a - 4. Let m(o) = -7*d(o) - 6*y(o). Calculate m(12).
-152
Let x = 812 - 810. Let a(t) = x*t - t + 15 + t - 37. Give a(13).
4
Let x(n) = n**3 - 20*n**2 - 23*n + 34. Let k = 473 - 452. Calculate x(k).
-8
Let l be (5 - 18/2)/(-4)*73. Suppose l*a = 76*a + 15. Let r(o) = o**3 + 5*o**2 - 4*o + 1. What is r(a)?
21
Let s = -153 - -147. Let c(q) be the first derivative of -q**4/4 - 2*q**3 - 5*q**2/2 - 8*q + 40. Determine c(s).
22
Let r(y) = -2 - 13 + 32 - 160*y - 2*y**2 + 175*y. Calculate r(7).
24
Let c(f) be the second derivative of f**5/60 + f**4/24 - 2*f**3 - 35*f**2/2 + 62*f. Let t(s) be the first derivative of c(s). Calculate t(0).
-12
Let q be 1 - (4 + -5 - 3). Suppose -2*p = -p - q*x - 9, 3*p + 4*x = -11. Let h(b) = 18*b + 1. Give h(p).
-17
Let k(h) = h**3 - 14*h**2 + 28*h - 25. Suppose 127*s = -95 + 1303 + 316. What is k(s)?
23
Let r(q) = -10*q - 29. Let y(z) = 6*z + 41. Let n(d) = 3*r(d) + 4*y(d). Give n(13).
-1
Let k = 50 - 47. Suppose -688 = 5*d + k*d. Let s = 84 + d. Let a(i) = -2*i**2 - 2*i + 2. Give a(s).
-2
Let v(n) = 9*n - 1. Let o be v(5). Suppose -o*m = -39*m - 15. Let a(r) = 3*r**3 + 4*r**3 - 9*r**3 + m*r**3 + 4*r + 5*r**2. Calculate a(-4).
0
Let y(g) be the third derivative of -g**6/120 - 7*g**5/30 - g**4/8 - 5*g**3 + 2*g**2 + 23*g - 97. Give y(-14).
12
Let c(g) = -g + 2. Let k(v) = -8*v + 36. Let x be k(4). Suppose 2*u = -4*t + 48, -3*u = -x*t + u + 24. What is c(t)?
-8
Let y(v) be the third derivative of v**4/24 + v**3/3 - 4117*v**2. Suppose 13 + 5 = 2*h. Suppose 2*a - 1 = -h. Calculate y(a).
-2
Let t(r) = -r**2 - 